d*21/6.
3
Let q(d) = -d - 1. Let a(p) = 10*p - 3. Let u(z) = a(z) + 5*q(z). What is the remainder when 57 is divided by u(4)?
9
Suppose 143*m - 8972 = 1610. What is the remainder when 878 is divided by m?
64
Let i be (3/((-24)/28))/(1/(-14)). Let n = 87 - i. What is the remainder when n is divided by 21?
17
Suppose 24*h = -2*d + 19*h - 371, -534 = 3*d + 3*h. Let z = -139 - d. Calculate the remainder when 168 is divided by z.
32
Let r(u) = 3*u - 5. Let k be r(2). Let t be k + 102 + (-9)/3. Suppose -2*d = 5*v - d - 96, t = 5*v + 5*d. What is the remainder when 34 is divided by v?
15
Let a be ((-4)/3)/(-2) + (-1820)/(-546). Suppose -5*w - 408 = -a*n, 6*n - w = 3*n + 317. Calculate the remainder when n is divided by 6.
5
Let w(d) = 3*d**3 - 19*d**2 + 9*d - 275. What is the remainder when w(14) is divided by 10?
9
Let c be 1 - (1 + 0)*-1. Suppose 0*m + c*m - 6 = 0. Suppose 0 = -245*h + 240*h - g + 53, 9*g = -h - 51. What is the remainder when h is divided by m?
0
Suppose -k - 35 = -4*o - 24, -3*k = 3*o + 3. Suppose 37 = 3*x - 5*n, 22 = 2*x - 0*x - o*n. Calculate the remainder when 103 is divided by x.
4
Calculate the remainder when 1402000/375*(-9)/(-12) is divided by 122.
120
Suppose -3*h = -5*b + 55, -3*h - 41 = -0*b - 4*b. Calculate the remainder when (-6)/(-15) - (-128)/5 is divided by b.
12
Suppose 174*q = 170*q - 5*y + 871, 3*q - 633 = 3*y. What is the remainder when q is divided by 12?
10
Let t = 8676 + -8627. Calculate the remainder when 237 is divided by t.
41
Let j = 353 - 331. Let a be (-4 - -3) + (-2)/2. Let n = a - -45. What is the remainder when n is divided by j?
21
Let v be 6 + (294/7)/(-6). Let u(j) = -179*j**3 - 5*j**2 - 3*j - 1. Calculate the remainder when u(v) is divided by 45.
41
Suppose 2*f - 43325 = 6*f - 43389. Let w(u) = u**2 - 4. Calculate the remainder when w(-9) is divided by f.
13
Let h(n) = n**3 + 5*n**2 + 4*n - 1. Suppose -5*d - 45 = -3*v - 19, -6 = -v + d. What is the remainder when h(-3) is divided by v?
1
Suppose 107*p - 47520 = 75*p. What is the remainder when p is divided by 6?
3
Suppose -x - y + 0 - 15 = 0, 103 = -5*x + 2*y. Let t be (-4 + 14*x)*2/(-5). Let j = -45 + t. Calculate the remainder when j is divided by 13.
11
Suppose -93*s = -32*s - 2135. Suppose -3*f = -8*f + 235. Suppose -5*m + 13 = -f. What is the remainder when s is divided by m?
11
Let h = -307 + 551. What is the remainder when h is divided by 35?
34
Suppose -909 = -4*r + 3507. What is the remainder when r is divided by 59?
42
Let o = 13053 - 12966. Calculate the remainder when o is divided by 49.
38
Let d(p) = p**2 - p - 38. Suppose 36 = -16*h - 108. Calculate the remainder when d(h) is divided by 9.
7
Suppose 0 = 3*d + 2675 - 803. Let w = d + 686. What is the remainder when 63 is divided by w?
1
Let f = 15788 - 14175. Calculate the remainder when f is divided by 67.
5
Calculate the remainder when ((-3)/(-2) - 2)/(226/(-113904)) is divided by 33.
21
Suppose 7*d - 152819 = -17*d + 11245. What is the remainder when d is divided by 228?
224
Let t = 4650 + -3505. What is the remainder when t is divided by 23?
18
Let w be (1*-2)/(18/(-1701)). Suppose 4*q + 53 = w. What is the remainder when 610 is divided by q?
32
Suppose -5*f - 2*g = -43 - 90, -17*f - 4*g = -441. Let s(a) = -5*a + 8. Calculate the remainder when s(-9) is divided by f.
3
Let b(w) = 5*w**2 - w + 12. Let j(r) = 4*r**2 + 12. Let l(n) = -5*b(n) + 6*j(n). Calculate the remainder when l(5) is divided by 39/65 + 12/5.
0
Let f = 5410 + -5370. What is the remainder when 40198 is divided by f?
38
Let f = 924 - -35. Suppose 0 = -9*l + f + 319. What is the remainder when l is divided by 42?
16
Suppose -5*a - f + 1743 = -755, -4*a + 2*f + 1990 = 0. What is the remainder when a is divided by 86?
69
Let x(h) = 9*h + 201. Let z be x(-17). What is the remainder when 350/15*z/20 is divided by 29?
27
Let t(f) = -f**3 + 2*f**2 + 2*f + 2. Let d be t(3). Let g be (-39)/26*(-93 - d). Suppose g = -13*s + 19*s. Calculate the remainder when 90 is divided by s.
21
What is the remainder when (-2650)/(-4) + 5 + 75/30 is divided by 62?
50
Let f be (-3)/(((-15)/10)/1). Let v(p) = -8*p**2 - 3*p**f + 1 - 2*p + 12*p**2. What is the remainder when v(9) is divided by 18?
10
Suppose 22 = -4*g - 331*m + 336*m, 3*m - 16 = g. Suppose -4*r + 44 = 4*h, -4*h - 5*r + 35 = -h. What is the remainder when h is divided by g?
0
Let p = 46 - 18. What is the remainder when p is divided by (((-5265)/(-30))/(-9) - -14)*-2?
6
What is the remainder when ((-38)/(-4))/(97/9700) is divided by 9?
5
Suppose 0 = t - 41 + 2 + 20. What is the remainder when 1800 is divided by t?
14
Suppose -27*q - 2607 + 12408 = 0. What is the remainder when 373 is divided by q?
10
Suppose -309*a = -79404 + 1227. What is the remainder when a is divided by 17?
15
Calculate the remainder when 237 is divided by (-14)/(-4)*(-24)/14*-21.
111
Let a(u) = 261*u + 7849. Calculate the remainder when 320 is divided by a(-30).
16
What is the remainder when (-10 - -17 - (-41)/4)*(-64)/(-12) is divided by 22?
4
Suppose 38 - 73 = 5*q. Let r be -25 - (q + 1 - -2). What is the remainder when 4 is divided by r/(-14) - (-1)/2?
0
Calculate the remainder when 1301 - 264/(-11) - 18 is divided by 642.
23
Suppose -118*w - 612 = -115*w. Let z = 277 + w. Calculate the remainder when z is divided by 15.
13
Let b(q) = 2*q**3 + 3*q**2 - q. Suppose 3*j = -5*d - 89, -3*d - 3*j + 0*j = 51. Let r(c) = -11*c - 188. Calculate the remainder when b(3) is divided by r(d).
15
Let a(r) = -3*r + 17 - 42 + 19 + 5*r. Let f be a(4). Suppose 18 = f*s - 6. What is the remainder when 59 is divided by s?
11
Calculate the remainder when 263 is divided by ((2/(-14))/((-1)/3))/(141/10857).
32
Let d = 520 + -299. Let a = -89 + d. Suppose 21 = 4*i - 87. Calculate the remainder when a is divided by i.
24
Let p = 4484 - 3558. What is the remainder when p is divided by 7?
2
Suppose -4*t = -2*c + 178, 0 = 4*c - 8*t + 9*t - 365. Suppose 104*b - c*b - 351 = 0. What is the remainder when b is divided by 9?
0
Let o(z) = z**3 + 13*z**2 + 16*z + 24. What is the remainder when (1335/(-9))/(230/(-276)) is divided by o(-11)?
88
Let n be 10/8 + 5 + (-8757)/36. Let d = 269 + n. Calculate the remainder when 89 is divided by d.
25
Suppose -4*h + 3*v + 3324 = 0, 2*h - 1226 = -v + 426. Suppose -9*q + 0*q = -h. What is the remainder when q is divided by 31?
30
Let s(y) = -3*y**2 + 382*y - 790. Calculate the remainder when 412 is divided by s(125).
72
Suppose 2*t + 1019*r = 1015*r + 26, -4*t + r + 25 = 0. What is the remainder when 4/(((-4)/(-2))/20) is divided by t?
5
Let y be ((-48)/10)/(15/50). Let w(f) = -f**3 - 17*f**2 - 22*f - 22. Let u be w(y). Calculate the remainder when (u/12)/((-11)/(-66)) is divided by 13.
11
Calculate the remainder when ((-30)/216*-76*-3)/((-5)/15) is divided by (2 - 0) + (-10)/(-1).
11
Suppose 3*m + 50 = 2*d, 0 = 3*d - 329*m + 324*m - 75. Calculate the remainder when 195 + 1*(-2 - -2) is divided by d.
20
Let o(u) = u**2 + 6*u - 6. Suppose 0 = -b - 4*m - 2, -268*b - 162 = -272*b + m. What is the remainder when o(6) is divided by b?
28
Suppose -2*s + 0*s = -194. Suppose r = -2*w + 2*r + 43, 3*w = -5*r + s. Suppose 3*v - 40 = 5. What is the remainder when w is divided by v?
9
Suppose -127*m + 428*m = 6321. Let t = 114 + 25. Calculate the remainder when t is divided by m.
13
Let s = -110 - -275. Suppose 5*q = 10 + s. What is the remainder when q is divided by 18 + 0 - -2 - 0?
15
Let k = 157 - -1214. Calculate the remainder when k is divided by 28.
27
Let o be (-71 + 65)/((-4)/1202). Suppose o*u = 1798*u + 1125. What is the remainder when u is divided by 76?
73
Let j = 663 + -676. What is the remainder when 249 is divided by (16 - 21) + (-1 - j)?
4
Suppose -57*v = -51*v - 1044. Suppose -400*j = -403*j + v. What is the remainder when j is divided by 26?
6
Let n(j) be the first derivative of 25*j**2/2 - 161*j + 82. What is the remainder when n(7) is divided by 4?
2
Suppose 75 + 54 = 3*g. Suppose 7*z - 12*z = 0. Suppose 0 = 2*l + j - 45, -2*l + 40 = -z*j - 4*j. Calculate the remainder when g is divided by l.
21
Let p be 162/(-10) - (-258)/215. Calculate the remainder when 531 is divided by 5*(-6)/p - -39.
39
Suppose 4*a - 7*a + 119 = 2*q, 12 = 3*q. Calculate the remainder when 1774 is divided by a.
35
Let